 Let p be w(-9). Let s be (12/p)/(5 - (-170)/(-35)). What is the highest common divisor of 30 and s?
6
Let j(y) = 4*y**2 - 32*y - 13. Let r be j(-6). What is the greatest common factor of 68 and r?
17
Let z = -23 - -43. Let q = -148 + 248. Calculate the greatest common factor of z and q.
20
Let d(x) = 2*x**3 - 2*x**2 + 5*x - 27. Let z be d(5). What is the highest common factor of z and 54?
18
Suppose -5*c + 986 = -2199. What is the greatest common factor of c and 91?
91
Suppose 0*f = 4*f - 52. Let l be 51/(-2)*8/(-4). Suppose g + 5*u - 28 = 0, 3*u + u - l = -3*g. What is the greatest common factor of g and f?
13
Let v be 1014/54 + (-6)/(-27). Let h = 260 - 259. Calculate the greatest common divisor of v and h.
1
Let f be -2*(1 - (0 + 4 + -2)). What is the greatest common divisor of f and 13?
1
Suppose 0 = -33*t - 2120 + 10469. Calculate the highest common divisor of t and 121.
11
Let g be ((-384)/36)/(3/((-18)/4)). Calculate the highest common divisor of g and 128.
16
Let y = -16 - -15. Let x be (3 - (3 - -1))/y. Let b be -6*(x + 5/(-2)). Calculate the greatest common factor of b and 27.
9
Let y be (-4)/(-18) + 47/(-9). Let q(b) be the first derivative of -12*b**2 - 12*b + 9. Let l be q(y). Calculate the highest common divisor of 27 and l.
27
Let j(v) = 2 + 2 - 3*v + 2*v - 1. Let l be j(-5). Let n be (-4)/(((-1)/18)/1). What is the highest common divisor of l and n?
8
Let k(q) = q**2 + 3*q - 23. Let h be k(-8). Let z = 118 + -67. What is the highest common factor of h and z?
17
Suppose 2*z = 4*q + 24, -z = -3*z - 4. Let u = 12 - q. Suppose -2*l + 4*l = 342. What is the highest common divisor of u and l?
19
Let u be 4*7/(-84)*18*1. Let x(q) = 6*q**2 - 3 + 2*q + 0 - 4*q**2. Let n be x(u). Calculate the highest common divisor of n and 38.
19
Suppose -2*q - h + 815 = 0, 0 = -8*h + 7*h + 5. Suppose -870 = -15*v + q. Calculate the greatest common divisor of v and 34.
17
Let f(g) = g + 9. Let k be f(-5). Suppose 3*t = -9*h + 6*h + 885, -k*t - 16 = 0. Calculate the greatest common factor of h and 23.
23
Let m(t) = t**3 - 5*t**2 - 4*t - 3. Let d be m(6). Let j be d + 3 + (-12)/(-3). Suppose -12*c + j*c = 80. Calculate the highest common factor of 80 and c.
20
Suppose -126 = -89*g + 80*g. What is the greatest common divisor of 14 and g?
14
Let w(s) = 120*s - 564. Let v be w(6). What is the greatest common divisor of v and 12?
12
Suppose 0 = 2*q + 3*i - 14 + 4, 16 = -4*i. Suppose -q*w = -8*w - 12. Calculate the greatest common divisor of w and 36.
4
Let w(b) = -68*b - 6. Let z be w(-2). Suppose 3*c + 39 = 2*x - z, -x + 4*c + 92 = 0. What is the highest common divisor of 10 and x?
10
Suppose 0 = 2*q + 2*t - 1364, -3*t = 5*q - 4*t - 3398. Suppose -3*a - 4*v = -0*a - 515, -4*a - 4*v = -q. What is the highest common factor of 33 and a?
33
Let v(f) = f**2 - 5*f + 3. Suppose 5*b - 19 = 11. Let l be v(b). Calculate the highest common factor of 45 and l.
9
Suppose 466 = -10*u + 1566. What is the greatest common divisor of 55 and u?
55
Suppose 4 = k - 31. Suppose 5*j = -2*q + 755, -j + 3*j = -6. What is the highest common divisor of q and k?
35
Suppose 0 = 2*w - 2*b - 53 - 1, -3*b + 69 = 3*w. Let n = w - 10. What is the highest common divisor of 15 and n?
15
Suppose 4*z = -2*a + z + 4, 5*z + 5 = -a. What is the highest common divisor of 160 and a?
5
Let p = 536 - 388. What is the greatest common divisor of p and 185?
37
Suppose 22*c + 187 = 913. Suppose -3*b - 5*r + 2*r = -36, -2*r = 3*b - 35. Calculate the highest common divisor of b and c.
11
Let r(g) = -g - 2. Let a be r(-5). Let x be -11 + a*(-10)/15. Let n = 27 + x. What is the highest common divisor of n and 35?
7
Let v be 14/(-7) + 2*(8 + -1). What is the highest common divisor of 84 and v?
12
Let c = -403 + 488. Let b be 710/14 - 10/(-35). What is the greatest common divisor of b and c?
17
Suppose g - 397 = 405. Let q = g - 560. Let r be (-6)/((-60)/215) - 2/(-4). What is the highest common factor of r and q?
22
Suppose -185*r - 12502 = -204*r. What is the greatest common divisor of 14 and r?
14
Let g(f) = -f**3 + 7*f**2 - 10*f + 2. Let p be g(4). Let l = 22 + -12. What is the highest common factor of p and l?
10
Suppose 16*f - 12*f = 68. Let u = 22 - f. Let s = 19 - u. Calculate the greatest common divisor of s and 112.
14
Suppose 3*i - 10 = f, 4*i - 18 = -f - 0*f. Let o(g) = 2 - 5*g + f - 1 + g. Let w be o(-3). What is the highest common factor of 30 and w?
15
Let k = 339 + -720. Let f = -246 - k. What is the highest common divisor of 45 and f?
45
Suppose -2*o = -4*m - 38, -7 + 80 = 3*o - 2*m. Let x = -271 - -379. What is the greatest common divisor of o and x?
27
Let d be 120 + -117 - 1/(1/(-317)). What is the greatest common divisor of 448 and d?
64
Let d be (4/(-10))/(4/(-20)). Let a(y) = -y**2 + 7*y - 6. Let m be a(4). What is the highest common divisor of m and d?
2
Suppose -y = -2*y + 9. Suppose y = 3*h, -2*n - 3*h - 4 = -41. What is the highest common divisor of n and 126?
14
Let w(l) = 2*l - 18*l + 9*l - 9. Let f be w(-4). Suppose -5*t - f + 104 = 0. What is the greatest common divisor of 51 and t?
17
Let k = 44 + -40. Suppose 6 + 26 = k*a. Calculate the highest common factor of 32 and a.
8
Let g = 2002 + -1930. Calculate the greatest common divisor of g and 486.
18
Let i = -129 - -60. Let b = i + 79. Calculate the greatest common divisor of 15 and b.
5
Suppose -5*k = -23 - 2. Suppose 34 = 2*x - 2*o, 45 = k*x - 2*x - 5*o. Let b be -15*(80/(-6))/4. What is the greatest common divisor of x and b?
10
Let t be 23 - -9 - 2/1. Suppose s - t = -10. Suppose 0 = 6*p - 2*p - 80. Calculate the greatest common factor of p and s.
20
Let k = 130 + -120. Suppose n - b - 72 = 41, 0 = -5*n - 3*b + 541. Calculate the greatest common factor of k and n.
10
Let w = 37 - 5. Let b be 8/w + 287/4. What is the greatest common factor of b and 8?
8
Let a be 56/24 - 2/6. Suppose -8*h = y - 4*h - 20, -2*y - a*h + 52 = 0. What is the highest common factor of 140 and y?
28
Suppose -5*b + 631 = 4*q - 764, -5*b - 380 = -q. Calculate the highest common divisor of q and 284.
71
Let b(i) = -8*i + 67. Let r be b(8). What is the greatest common factor of 24 and r?
3
Suppose 4*y = 4 + 4, -2*i = 5*y - 126. Let o = 68 - i. Suppose -2*t = 4*q - 8, -3*t = -q - 6 - 27. Calculate the greatest common factor of o and t.
10
Suppose 4*f + 562 = 8498. What is the greatest common factor of 32 and f?
32
Let q = 18 + 14. Let h = -44 - -38. Let k be -8*(h/3 + 1). Calculate the greatest common factor of q and k.
8
Let g(t) be the first derivative of -t**3/3 - 7*t**2/2 - 7*t - 4. Let v be g(-5). Suppose 0 = -0*s + v*s - 21. Calculate the highest common factor of 7 and s.
7
Let p = -297 + 306. What is the greatest common divisor of 423 and p?
9
Let k = -302 - -353. Calculate the highest common divisor of k and 3060.
51
Suppose -4*q + 7 = -5. Let s(h) = h**3 + 2*h**2 - 3*h + 3. Let i be s(q). Calculate the highest common divisor of i and 13.
13
Let u(z) = -9*z**3 + 2*z + 2. Let g be u(-2). Let q = -15 + g. Calculate the highest common factor of q and 11.
11
Let c(t) = 5*t - 3. Let k be c(-12). Let j be (-101)/(-9) - (-14)/k. Suppose -h + 22 = -j. What is the highest common factor of 11 and h?
11
Let h be 1 + (8/12 - 373/(-3)). Let i be (-2)/(5/(-2) + 2). Suppose 4*v = 2*v + 4*l + 20, -i*v + 62 = 3*l. Calculate the greatest common divisor of v and h.
14
Let z(d) = -d**2 + 16*d - 23. Let u be z(14). Calculate the greatest common factor of u and 45.
5
Let d(b) = -6*b + 6. Let o = 19 - -12. Let v = 25 - o. Let u be d(v). What is the highest common divisor of u and 14?
14
Let x(s) = 41*s - 146. Let a be x(6). Calculate the greatest common divisor of 275 and a.
25
Let n = -201 + 276. Calculate the greatest common factor of 50 and n.
25
Suppose -4*j + 11 = -9. Suppose 0 = j*z - 10. Suppose d + 0 = z. What is the highest common factor of 2 and d?
2
Suppose 6 = -2*x, w - 7*x + 8*x = 1. What is the highest common divisor of 10 and w?
2
Suppose 16152 = 6*n - 288. What is the highest common factor of 40 and n?
20
Let h(c) = c + 17. Let q be h(-5). Let s be 32/(-6)*(-27)/q. Calculate the greatest common factor of 12 and s.
12
Let m = 82 + -7. Let w(q) = -3*q**3 - 3*q**2 - 4. Let h be w(-3). What is the highest common factor of h and m?
25
Suppose 3*b - 29 = 67